521
In base 12, what is -1b8590 + 0?
-1b8590
In base 13, what is -7 - -68a5?
689b
In base 8, what is -265 - -50?
-215
In base 7, what is -26542 + -23?
-26565
In base 10, what is 16304 + 3?
16307
In base 2, what is 10 - 100100101001110?
-100100101001100
In base 3, what is -211 - -2011?
1100
In base 4, what is 10221010 + -3?
10221001
In base 13, what is 324 + -76?
27b
In base 4, what is -31313202 - 11?
-31313213
In base 16, what is -10c0 - 2?
-10c2
In base 8, what is -3507 - 224?
-3733
In base 13, what is 3c49 + b4?
4030
In base 13, what is 5522 - 23?
54cc
In base 7, what is -2 + 343540?
343535
In base 8, what is -4530 + -16?
-4546
In base 14, what is -83382 + -4?
-83386
In base 5, what is -2 - 2411130?
-2411132
In base 12, what is 3664 + -3?
3661
In base 9, what is -128 + 2664?
2535
In base 3, what is 1001 + 1011212020?
1011220021
In base 13, what is 1 - 429ca?
-429c9
In base 4, what is -33102 + 1233?
-31203
In base 14, what is 8b42 + 6?
8b48
In base 14, what is -5 - -266?
261
In base 9, what is 4 - 703222?
-703217
In base 13, what is -6ac - -19a?
-512
In base 6, what is 12442 + -13?
12425
In base 4, what is 23032 - 33?
22333
In base 15, what is -3163 + -38?
-319b
In base 8, what is 6 + -1001?
-773
In base 8, what is 17 - 33322?
-33303
In base 12, what is 95723 + -b?
95714
In base 4, what is 2103031 + 103?
2103200
In base 10, what is -34 - -10948?
10914
In base 11, what is 13 + 3745?
3758
In base 10, what is 3 - 2085?
-2082
In base 7, what is 502655 - -1?
502656
In base 6, what is 2 + -4401455?
-4401453
In base 12, what is 17 - 99a9?
-9992
In base 13, what is -a86 + -2?
-a88
In base 2, what is -111100110 - 1100001?
-1001000111
In base 2, what is -101010100 + -1001101111?
-1111000011
In base 7, what is -105 + -24354?
-24462
In base 7, what is 2 - -45336?
45341
In base 10, what is -2 - -6610?
6608
In base 3, what is 20001101 + -2?
20001022
In base 13, what is -65771 - 4?
-65775
In base 3, what is -1022212022 + 200?
-1022211122
In base 2, what is 11 + -110011000001010?
-110011000000111
In base 2, what is 10100010 - -10010111000010?
10011001100100
In base 4, what is -200211 - -222?
-133323
In base 9, what is -167352 - 2?
-167354
In base 8, what is -1732 - -164?
-1546
In base 6, what is 1323410 - -11?
1323421
In base 16, what is -29 + -16ab?
-16d4
In base 15, what is 2 + -1d3a?
-1d38
In base 14, what is -2768c + 4?
-27688
In base 10, what is 4 + -144292?
-144288
In base 14, what is 66 + -225?
-19d
In base 5, what is -13212 + -104?
-13321
In base 10, what is -52 + 633?
581
In base 2, what is -1000101010001 + 11111110?
-1000001010011
In base 11, what is 5646 - 22?
5624
In base 14, what is 1c5b - -56?
1cb3
In base 8, what is -735 - -421?
-314
In base 11, what is -14 + 19844?
19830
In base 2, what is 1 - 11101011011100000100?
-11101011011100000011
In base 5, what is -111424421 + -10?
-111424431
In base 7, what is -101110 - 3?
-101113
In base 7, what is -2 + -11611562?
-11611564
In base 8, what is 16 - 11516?
-11500
In base 4, what is 11 - 13303303?
-13303232
In base 8, what is -137045 + 106?
-136737
In base 16, what is 59 + 58?
b1
In base 14, what is -d - 5d3?
-602
In base 15, what is 280 - -91?
321
In base 9, what is 18 + -51005?
-50876
In base 10, what is -53372 + 2?
-53370
In base 7, what is 3 - 3046442?
-3046436
In base 7, what is 32041 + -5?
32033
In base 14, what is -a4b - 347?
-d94
In base 9, what is 1 - 167852?
-167851
In base 15, what is 5 + 5e10?
5e15
In base 15, what is a + -5735?
-572a
In base 4, what is -1130 - 1010?
-2200
In base 13, what is -47 - 9c?
-116
In base 11, what is -41 - 694a0?
-69531
In base 12, what is 758 - 478?
2a0
In base 2, what is -11010 + 1000010000110101?
1000010000011011
In base 13, what is -ba50 - 0?
-ba50
In base 6, what is -3525120 + -2?
-3525122
In base 9, what is -650106 - 2?
-650108
In base 8, what is -116 - -242?
124
In base 4, what is -11022110021 - 10?
-11022110031
In base 5, what is -410 - -2330?
1420
In base 14, what is 4 + -4d40?
-4d3a
In base 11, what is -23 + 48?
25
In base 14, what is 6 - 15290?
-15288
In base 8, what is 262 - 32621?
-32337
In base 2, what is -100011111101000110 - 11?
-100011111101001001
In base 14, what is -1289d - 2?
-128a1
In base 10, what is 6 - 170180?
-170174
In base 7, what is 13666050 - -3?
13666053
In base 13, what is -b0 - 2269?
-2349
In base 3, what is -2200022022122 - 2?
-2200022022201
In base 13, what is -20 + 324a?
322a
In base 11, what is 20a35 + 1?
20a36
In base 11, what is -129a14 - 1?
-129a15
In base 11, what is -4 - -334347?
334343
In base 4, what is 1313233 + 311?
1320210
In base 13, what is 5170 + 4?
5174
In base 16, what is -5 + 2ac7?
2ac2
In base 2, what is -10111110 + 1010?
-10110100
In base 14, what is -454 + -932?
-d86
In base 15, what is 158e + 21?
15b0
In base 6, what is 5334 + 42?
5420
In base 15, what is 5a9b + 8?
5aa4
In base 7, what is -136 - -2153?
2014
In base 6, what is 12411 - -13?
12424
In base 9, what is -5020237 + 3?
-5020234
In base 12, what is 325887 + 2?
325889
In base 12, what is -2198 - 27?
-2203
In base 12, what is 5 + -a230?
-a227
In base 6, what is -4550453 + 3?
-4550450
In base 12, what is 5 + -30090?
-30087
In base 8, what is 33 + 45124?
45157
In base 11, what is 11 + -4002?
-3aa1
In base 12, what is -780 + 1407?
847
In base 3, what is 200010021200 - 10?
200010021120
In base 2, what is -100 + -1100100010111?
-1100100011011
In base 4, what is 102020 + 1331?
110011
In base 9, what is 2 + -13785?
-13783
In base 15, what is 1 + -2bde6?
-2bde5
In base 6, what is 514231 + 52?
514323
In base 7, what is 33 - 101626?
-101563
In base 12, what is 331 - 85?
268
In base 15, what is 104d0 - 2?
104cd
In base 7, what is -14525 - -1011?
-13514
In base 10, what is 1 - 290047?
-290046
In base 3, what is 0 + -1000001200?
-1000001200
In base 5, what is 423 - 213422?
-212444
In base 9, what is -224 - -341?
116
In base 9, what is -52444 - 16?
-52461
In base 15, what is -22 + 16e?
14c
In base 16, what is -e + -18d?
-19b
In base 16, what is -2b + -b30e?
-b339
In base 13, what is -1b + -31016?
-31034
In base 2, what is -110010010011001001011 - -1?
-110010010011001001010
In base 16, what is 7 + 51bb?
51c2
In base 7, what is 41 - 266442?
-266401
In base 3, what is 2 - 202122210111?
-202122210102
In base 6, what is 5155 + -340?
4415
In base 14, what is 20d02b - 4?
20d027
In base 16, what is -6 - -ed10?
ed0a
In base 3, what is 1001020111 - 12?
1001020022
In base 3, what is 10100102 - 2002002?
1021100
In base 4, what is -123100 - 31000?
-220100
In base 14, what is 21bb3 - 1?
21bb2
In base 13, what is 11189 + 1?
1118a
In base 11, what is -4a + 9362?
9313
In base 2, what is -11110 + 11100110?
11001000
In base 2, what is -10100011101101001000 - -10?
-10100011101101000110
In base 6, what is 11202502 + -5?
11202453
In base 4, what is 31330 - 33320?
-1330
In base 7, what is -2113 - 132?
-2245
In base 4, what is -31 + -1302323?
-1303020
In base 4, what is 11 + -1021322120?
-1021322103
In base 6, what is -2 + -1135231?
-1135233
In base 13, what is -c3 + -c1?
-1b4
In base 5, what is -10 + -301320?
-301330
In base 12, what is -10335a0 - -2?
-103359a
In base 7, what is -3 - 5061252?
-5061255
In base 6, what is 3 + 1103551?
1103554
In base 3, what is -1122 + 1121122202?
1121121010
In base 16, what is 207 - -27?
22e
In base 16, what is -5405b + -1?
-5405c
In base 10, what is -3 - -186802?
186799
In base 12, what is 402404 - 4?
402400
In base 6, what is -11 - -1144042?
1144031
In base 8, what is 12 - -4742?
4754
In base 7, what is -253364 - -65?
-253266
In base 6, what is 15252 - -123?
15415
In base 3, what is -20222010121 + -10?
-20222010201
In base 5, what is 22 + -2441400?
-2441323
In base 7, what is 232 + 434?
666
In base 14, what is c025 + 3?
c028
In base 10, what is -5654574 + -1?
-5654575
In base 16, what is 32895 - 5?
32890
In base 4, what is 13 + 101310211?
101310230
In base 9, what is 1450502 - -4?
1450506
In base 14, what is 1c27b + -1?
1c27a
In base 9, what is -40 + 2642?
2602
In base 6, what is -50403 - 134?
-50541
In base 13, what is 1 + -10789?
-10788
In base 4, what is 1221300312 + -33?
1221300213
In base 16, what is -3 + -15bd?
-15c0
In base 14, what is 26b7 + -a?
26ab
In base 10, what is 39 + 1093?
1132
In base 9, what is 82 + 480?
572
In base 11, what is -3108